{"id":16,"date":"2014-01-22T17:27:46","date_gmt":"2014-01-22T15:27:46","guid":{"rendered":"https:\/\/www.immobilien-oe.de\/?page_id=16"},"modified":"2014-01-24T17:37:54","modified_gmt":"2014-01-24T15:37:54","slug":"kontakt","status":"publish","type":"page","link":"https:\/\/www.immobilien-oe.de\/?page_id=16","title":{"rendered":"Kontakt"},"content":{"rendered":"<div style=\"width:50%; float:left;\">Dan Ossenberg-Engels<br \/>\nImmobilien Ossenberg-Engels<br \/>\nLennestr. 82<br \/>\n58762 Altena<\/div>\n<div style=\"width:50%; float:left;\">Telefon: 02352 22226<br \/>\nTelefax: 02352 26372<br \/>\nE-Mail: info@immobilien-oe.de<\/div>\n<div style=\"clear:both;\"><\/div>\n<hr \/>\n<div role=\"form\" class=\"wpcf7\" id=\"wpcf7-f90-o1\" lang=\"de-DE\" dir=\"ltr\">\n<div class=\"screen-reader-response\"><p role=\"status\" aria-live=\"polite\" aria-atomic=\"true\"><\/p> <ul><\/ul><\/div>\n<form action=\"\/index.php?rest_route=%2Fwp%2Fv2%2Fpages%2F16#wpcf7-f90-o1\" method=\"post\" class=\"wpcf7-form init\" novalidate=\"novalidate\" data-status=\"init\">\n<div style=\"display: none;\">\n<input type=\"hidden\" name=\"_wpcf7\" value=\"90\" \/>\n<input type=\"hidden\" name=\"_wpcf7_version\" value=\"5.6.3\" \/>\n<input type=\"hidden\" name=\"_wpcf7_locale\" value=\"de_DE\" \/>\n<input type=\"hidden\" name=\"_wpcf7_unit_tag\" value=\"wpcf7-f90-o1\" \/>\n<input type=\"hidden\" name=\"_wpcf7_container_post\" value=\"0\" \/>\n<input type=\"hidden\" name=\"_wpcf7_posted_data_hash\" value=\"\" \/>\n<\/div>\n<div style=\"float:left; width:50%;\">Ihr Name*<br \/>\n<span class=\"wpcf7-form-control-wrap\" data-name=\"your-name\"><input type=\"text\" name=\"your-name\" value=\"\" size=\"40\" class=\"wpcf7-form-control wpcf7-text wpcf7-validates-as-required\" aria-required=\"true\" aria-invalid=\"false\" \/><\/span> <\/div>\n<div style=\"float:left; width:50%;\">Ihre E-Mail-Adresse*<br \/>\n    <span class=\"wpcf7-form-control-wrap\" data-name=\"your-email\"><input type=\"email\" name=\"your-email\" value=\"\" size=\"40\" class=\"wpcf7-form-control wpcf7-text wpcf7-email wpcf7-validates-as-required wpcf7-validates-as-email\" aria-required=\"true\" aria-invalid=\"false\" \/><\/span> <\/div>\n<div style=\"float:left; width:50%;\">Strasse *<br \/><span class=\"wpcf7-form-control-wrap\" data-name=\"Strasse\"><input type=\"text\" name=\"Strasse\" value=\"\" size=\"40\" class=\"wpcf7-form-control wpcf7-text wpcf7-validates-as-required\" aria-required=\"true\" aria-invalid=\"false\" \/><\/span> <\/div>\n<div style=\"float:left; width:50%;\">PLZ\/Ort *<br \/><span class=\"wpcf7-form-control-wrap\" data-name=\"PLZOrt\"><input type=\"text\" name=\"PLZOrt\" value=\"\" size=\"40\" class=\"wpcf7-form-control wpcf7-text wpcf7-validates-as-required\" aria-required=\"true\" aria-invalid=\"false\" \/><\/span><\/div>\n<p><br><br><\/p>\n<div style=\"float:left; width:50%;\"><span class=\"wpcf7-form-control-wrap\" data-name=\"suche-biete\"><select name=\"suche-biete\" class=\"wpcf7-form-control wpcf7-select auswahli\" aria-invalid=\"false\"><option value=\"Ich suche\">Ich suche<\/option><option value=\"Ich biete\">Ich biete<\/option><\/select><\/span><\/div>\n<div style=\"float:left; width:50%;\"><span class=\"wpcf7-form-control-wrap\" data-name=\"miete-kauf\"><select name=\"miete-kauf\" class=\"wpcf7-form-control wpcf7-select auswahli\" aria-invalid=\"false\"><option value=\"zur Miete\">zur Miete<\/option><option value=\"zum Kauf\">zum Kauf<\/option><\/select><\/span><\/div>\n<div style=\"float:left; width:25%;\">Wohnfl\u00e4che<br \/><span class=\"wpcf7-form-control-wrap\" data-name=\"Flaeche\"><input type=\"text\" name=\"Flaeche\" value=\"\" size=\"40\" class=\"wpcf7-form-control wpcf7-text smalli\" aria-invalid=\"false\" \/><\/span> m\u00b2 <\/div>\n<div style=\"float:left; width:25%;\">Anzahl der R\u00e4ume<br \/><span class=\"wpcf7-form-control-wrap\" data-name=\"Anzahl\"><input type=\"text\" name=\"Anzahl\" value=\"\" size=\"40\" class=\"wpcf7-form-control wpcf7-text smalli\" aria-invalid=\"false\" \/><\/span> <\/div>\n<div style=\"float:left; width:25%;\">Grundst\u00fcck<br \/><span class=\"wpcf7-form-control-wrap\" data-name=\"Grund\"><input type=\"text\" name=\"Grund\" value=\"\" size=\"40\" class=\"wpcf7-form-control wpcf7-text smalli\" aria-invalid=\"false\" \/><\/span> m\u00b2 <\/div>\n<div style=\"float:left; width:25%;\">Lage<br \/><span class=\"wpcf7-form-control-wrap\" data-name=\"Lage\"><input type=\"text\" name=\"Lage\" value=\"\" size=\"40\" class=\"wpcf7-form-control wpcf7-text smalli\" aria-invalid=\"false\" \/><\/span><\/div>\n<div style=\"float:left; width:100%;\">Ort<br \/><span class=\"wpcf7-form-control-wrap\" data-name=\"Ort\"><input type=\"text\" name=\"Ort\" value=\"\" size=\"40\" class=\"wpcf7-form-control wpcf7-text\" aria-invalid=\"false\" \/><\/span><\/div>\n<div style=\"float:left; width:50%;\">Preis Miete von<br \/><span class=\"wpcf7-form-control-wrap\" data-name=\"Mietevon\"><input type=\"text\" name=\"Mietevon\" value=\"\" size=\"40\" class=\"wpcf7-form-control wpcf7-text\" aria-invalid=\"false\" \/><\/span><\/div>\n<div style=\"float:left; width:50%;\">bis<br \/><span class=\"wpcf7-form-control-wrap\" data-name=\"Mietebis\"><input type=\"text\" name=\"Mietebis\" value=\"\" size=\"40\" class=\"wpcf7-form-control wpcf7-text\" aria-invalid=\"false\" \/><\/span> EUR<\/div>\n<div style=\"float:left; width:50%;\">Ihre Nachricht<br \/>\n    <span class=\"wpcf7-form-control-wrap\" data-name=\"your-message\"><textarea name=\"your-message\" cols=\"40\" rows=\"10\" class=\"wpcf7-form-control wpcf7-textarea textareai\" aria-invalid=\"false\"><\/textarea><\/span> <\/div>\n<div style=\"float:left; width:50%;\">\n<span class=\"wpcf7-form-control-wrap\" data-name=\"Bitte\"><span class=\"wpcf7-form-control wpcf7-checkbox wpcf7-exclusive-checkbox\"><span class=\"wpcf7-list-item first\"><label><input type=\"checkbox\" name=\"Bitte\" value=\"Ich bitte um telefonische Kontaktaufnahme\" \/><span class=\"wpcf7-list-item-label\">Ich bitte um telefonische Kontaktaufnahme<\/span><\/label><\/span><span class=\"wpcf7-list-item\"><label><input type=\"checkbox\" name=\"Bitte\" value=\"Ich m\u00f6chte einen pers\u00f6nlichen Gespr\u00e4chstermin\" \/><span class=\"wpcf7-list-item-label\">Ich m\u00f6chte einen pers\u00f6nlichen Gespr\u00e4chstermin<\/span><\/label><\/span><span class=\"wpcf7-list-item last\"><label><input type=\"checkbox\" name=\"Bitte\" value=\"Ich bitte um Zusendung eines Expos\u00e9s\" \/><span class=\"wpcf7-list-item-label\">Ich bitte um Zusendung eines Expos\u00e9s<\/span><\/label><\/span><\/span><\/span>\n<\/div>\n<p><span class=\"wpcf7-form-control-wrap\" data-name=\"privacy\"><span class=\"wpcf7-form-control wpcf7-acceptance\"><span class=\"wpcf7-list-item\"><label><input type=\"checkbox\" name=\"privacy\" value=\"1\" aria-invalid=\"false\" \/><span class=\"wpcf7-list-item-label\">Ich stimme zu, dass meine Angaben aus dem Kontaktformular zur Beantwortung\nmeiner Anfrage erhoben und verarbeitet werden. Die Daten werden nach\nabgeschlossener Bearbeitung Ihrer Anfrage gel\u00f6scht. Hinweis: Sie k\u00f6nnen Ihre\nEinwilligung jederzeit fu\u0308r die Zukunft per E-Mail an info@immobilien-oe.de widerrufen.\nDetaillierte Informationen zum Umgang mit Nutzerdaten finden Sie in unserer\nDatenschutzerkl\u00e4rung.<\/span><\/label><\/span><\/span><\/span><\/p>\n<p><input type=\"hidden\" name=\"_wpcf7_captcha_challenge_captcha-1\" value=\"522337475\" \/><img loading=\"lazy\" decoding=\"async\" class=\"wpcf7-form-control wpcf7-captchac wpcf7-captcha-captcha-1\" width=\"72\" height=\"24\" alt=\"captcha\" src=\"https:\/\/www.immobilien-oe.de\/wp-content\/uploads\/wpcf7_captcha\/522337475.png\" \/> <span class=\"wpcf7-form-control-wrap\" data-name=\"captcha-1\"><input type=\"text\" name=\"captcha-1\" value=\"\" size=\"40\" class=\"wpcf7-form-control wpcf7-captchar\" autocomplete=\"off\" aria-invalid=\"false\" \/><\/span><\/p>\n<div style=\"float:left; width:100%;\"  class=\"sendeni\"><input type=\"submit\" value=\"Anfrage senden\" class=\"wpcf7-form-control has-spinner wpcf7-submit\" \/><\/div>\n<div style=\"float:left; width:100%;\"><small>*Pflichtfeld<\/small><\/div>\n<div class=\"wpcf7-response-output\" aria-hidden=\"true\"><\/div><\/form><\/div>\n<div style=\"clear:both;\"><\/div>\n","protected":false},"excerpt":{"rendered":"<p>Dan Ossenberg-Engels Immobilien Ossenberg-Engels Lennestr. 82 58762 Altena Telefon: 02352 22226 Telefax: 02352 26372 E-Mail: info@immobilien-oe.de<\/p>\n","protected":false},"author":1,"featured_media":0,"parent":0,"menu_order":0,"comment_status":"closed","ping_status":"closed","template":"","meta":{"footnotes":""},"_links":{"self":[{"href":"https:\/\/www.immobilien-oe.de\/index.php?rest_route=\/wp\/v2\/pages\/16"}],"collection":[{"href":"https:\/\/www.immobilien-oe.de\/index.php?rest_route=\/wp\/v2\/pages"}],"about":[{"href":"https:\/\/www.immobilien-oe.de\/index.php?rest_route=\/wp\/v2\/types\/page"}],"author":[{"embeddable":true,"href":"https:\/\/www.immobilien-oe.de\/index.php?rest_route=\/wp\/v2\/users\/1"}],"replies":[{"embeddable":true,"href":"https:\/\/www.immobilien-oe.de\/index.php?rest_route=%2Fwp%2Fv2%2Fcomments&post=16"}],"version-history":[{"count":15,"href":"https:\/\/www.immobilien-oe.de\/index.php?rest_route=\/wp\/v2\/pages\/16\/revisions"}],"predecessor-version":[{"id":101,"href":"https:\/\/www.immobilien-oe.de\/index.php?rest_route=\/wp\/v2\/pages\/16\/revisions\/101"}],"wp:attachment":[{"href":"https:\/\/www.immobilien-oe.de\/index.php?rest_route=%2Fwp%2Fv2%2Fmedia&parent=16"}],"curies":[{"name":"wp","href":"https:\/\/api.w.org\/{rel}","templated":true}]}}